0*k/30. Let l be (-44)/33 - (-44)/6. What is the greatest common factor of l and g?
6
Let g be (5 - 7) + -1 + 1. Let b be -1 - (3 + -4 + g). Let m(l) = l + 2. Let t be m(b). Calculate the greatest common factor of t and 32.
4
Let l be 26 + 0 - (-6)/12*4. Let m = -8 + l. Calculate the greatest common divisor of 50 and m.
10
Suppose -5*a = 882 - 2367. Calculate the greatest common factor of a and 81.
27
Let n(o) = 18*o - 159. Let y be n(9). What is the highest common divisor of 213 and y?
3
Let p be ((-1998)/12)/(-3)*(0 - -10). What is the greatest common factor of p and 15?
15
Let q = 889 - 29. What is the greatest common divisor of 43 and q?
43
Suppose 2*f - 10 + 0 = 0. Let i(z) = -z**3 + 5*z**2 + z + 11. Let x be i(f). Calculate the highest common factor of x and 128.
16
Suppose 2*h = 4, f = -2*f + 4*h + 4. Suppose -4*s + 3*g + 57 = -2*g, 5*s - 35 = -g. Let q = s - f. What is the highest common divisor of 8 and q?
4
Let g(q) = 2*q**2 - 10*q + 2. Let z be g(5). Suppose z*c + 4 = 3*c. What is the highest common factor of 28 and c?
4
Suppose -h + 2*c = -20, -3*c + 32 = 3*h - 46. Suppose -7*x + 15 = -2*x. What is the highest common factor of x and h?
3
Suppose -6*k + 34 = -5*k. Calculate the greatest common divisor of 119 and k.
17
Let d = 76 - 92. Let r = d + 20. Calculate the greatest common divisor of 12 and r.
4
Let c = 66 + -30. Let r be (-134 - -143) + 0*(-1)/(-2). What is the highest common divisor of r and c?
9
Let v = -289 + 807. What is the highest common divisor of 370 and v?
74
Let p(g) be the first derivative of -2*g**2 - g - 4. Let b be p(-2). Suppose 0*j + b = j. Calculate the greatest common factor of 14 and j.
7
Let o be 33/(-15) - (-12)/(-15). Let d be (-49)/o + (-1)/3. Let f = 136 - 24. What is the highest common divisor of f and d?
16
Let u = -413 + 468. Suppose -b - 3*b + 20 = 0. What is the greatest common divisor of u and b?
5
Let d(k) = 7*k + 12. Let c be d(12). Let z be 10/(-60) - (-446)/12. Let t = -25 + z. Calculate the highest common divisor of c and t.
12
Let g = -70 - -142. Let h = 17 - 9. Calculate the highest common factor of h and g.
8
Suppose -180 = 22*i - 27*i. Calculate the highest common divisor of i and 27.
9
Let c(l) = 93*l - 828. Let v be c(9). Calculate the highest common divisor of v and 495.
9
Let p = 260 - 239. What is the greatest common divisor of 49 and p?
7
Let r(j) = 2*j**2 - j - 2. Let f be r(-3). Suppose -v + 438 = -2*h, 2*v = -3*v + 2*h + 2230. Let s = v - 315. Calculate the highest common factor of s and f.
19
Let t(z) = 22*z**2 - 2*z + 72. Let v be t(7). Calculate the highest common divisor of 213 and v.
71
Suppose 296*h - 257*h = 29328. Calculate the greatest common factor of 48 and h.
16
Let q = 3179 + -3015. Calculate the greatest common factor of q and 41.
41
Suppose -4*a + 0 = -284. Let d = a + 7. Let x = 156 + -104. Calculate the highest common divisor of x and d.
26
Let n = 2225 - 2183. Calculate the greatest common factor of 686 and n.
14
Suppose -5*t + 74 = 12*m - 15*m, t + 5*m + 2 = 0. Calculate the greatest common factor of t and 117.
13
Let j = -20 + 35. What is the greatest common divisor of 60 and j?
15
Suppose -67*o + 915 = -6*o. What is the highest common divisor of o and 675?
15
Suppose -5*h + 38 = -4*y, 9*y - 8*y - 43 = -4*h. What is the highest common divisor of 10 and h?
10
Let m be ((-2)/4 + 2)/((-48)/(-1792)). What is the highest common factor of m and 7?
7
Let b = -10 - -15. Let q be (b + -2)/(2/6). Suppose -4*u - 60 = -312. What is the greatest common divisor of q and u?
9
Suppose -g + 3*g - 26 = 2*a, 5*g - a - 49 = 0. Let w be (-1)/4 - 18/(-8). Let c = w - 1. Calculate the greatest common factor of g and c.
1
Let n(a) = 3*a + 139. Let f be n(0). Suppose -q = 9 - f. Calculate the highest common factor of 26 and q.
26
Let c = -26 + 3. Let x = 32 + c. Let y be 21/(3*(-3)/(-27)). Calculate the highest common factor of y and x.
9
Let h be (1/3)/((-9)/(-54)). Suppose j - q + 7 = 0, -5*j - 63 = 5*q + h. Let n be (-4 - -15)*(5 - j). Calculate the greatest common divisor of 15 and n.
15
Suppose -178 = -6*m - 40. Let u = 10 + m. What is the greatest common divisor of 3 and u?
3
Let r be (-1)/(-2)*12/2. Suppose 42 = r*j - 0*j. Let l(h) = 8*h + 26. Let w be l(-3). What is the greatest common factor of w and j?
2
Let h be 1/(6/96) - 4. Calculate the highest common divisor of h and 24.
12
Let w(p) = -2*p**2 + 5. Let v be w(-4). Let b = v - -234. Calculate the highest common factor of b and 23.
23
Let v = -101 + 111. What is the highest common divisor of v and 340?
10
Suppose 2*a - 1109 = -5*c - 317, 156 = c + a. What is the highest common divisor of 520 and c?
40
Let v(l) = -7*l - 1. Let a be v(-2). Let t be (-2 + 5)*(a + -1). Let n be 2/(((-464)/(-18))/8 - 3). Calculate the highest common divisor of t and n.
9
Let v be (-4)/3*10*(-3744)/80. Calculate the greatest common divisor of v and 39.
39
Let v(m) = -3*m**2 + 15*m + 22. Let i(k) = k**2 + k + 1. Let y(c) = 2*i(c) + v(c). Let q be y(18). Calculate the highest common factor of 42 and q.
6
Let g = 1364 + -352. What is the greatest common divisor of 88 and g?
44
Let r(z) = -9*z - 115. Let c be r(-15). What is the highest common factor of 8 and c?
4
Let d = 21 - -15. Suppose -4*c = -6*c + d. What is the greatest common divisor of 36 and c?
18
Let o(z) = z**3 - 11*z**2 + 4*z + 6. Let j be (-13)/(-2) + 9/(-18). Let n be o(j). Let q be 1/(n/51 - -3). What is the highest common divisor of q and 187?
17
Suppose -249 = -5*m - d + 77, 5*m - 3*d - 342 = 0. Suppose 4*g + 3*n - 8 = -n, 0 = 5*g - 5*n - 50. Calculate the greatest common divisor of m and g.
6
Let q(n) = n**2 + 14. Let r be q(0). Let p = -247 + 446. Suppose -w + p = 2*s - 4*w, 4*w - 388 = -4*s. Calculate the highest common divisor of r and s.
14
Let m be 1/((-12)/72) + 24 + 0. What is the greatest common factor of 126 and m?
18
Let k = 11 + -9. Suppose -k = -m + 6. Calculate the greatest common divisor of m and 4.
4
Suppose 231 = -10*c + 43*c. What is the greatest common divisor of c and 217?
7
Let r = -346 + 358. Calculate the greatest common factor of 108 and r.
12
Suppose -4*f = a - 238, -a + 3*a = -2*f + 116. What is the highest common factor of 84 and f?
12
Let j be (-4)/8*(1 + -9). Suppose j*r + 8 = 116. Let i be (24/10)/(28/210). What is the highest common divisor of r and i?
9
Let r = 24 - 1. Let h = 823 - 777. What is the greatest common divisor of r and h?
23
Let f = 1480 - 1452. What is the highest common divisor of 427 and f?
7
Suppose -85*g = -2074 - 3706. Calculate the greatest common divisor of g and 340.
68
Suppose o - 5*l - 650 = 0, o + l - 655 = 5*l. What is the greatest common divisor of o and 27?
27
Let p = -8 + 12. Let i(z) = -z + 8. Let v be i(p). Suppose -7*q + v*w + 778 = -2*q, 3*q - 3*w - 468 = 0. What is the greatest common divisor of q and 14?
14
Suppose -4*v + 79 = 3*o + 2*o, 5*v + 5*o - 100 = 0. Suppose -5*n = -3*a + 9, -a + 2*n = -5*a + 12. What is the greatest common factor of a and v?
3
Let h(c) = -4*c. Let g be h(-2). Let s be (0 + 0 - 0)/(-5 - -6). Suppose -b + g - 3 = s. What is the greatest common divisor of b and 45?
5
Let g(u) = u**3 - 6*u**2 - 24*u - 17. Let w be g(9). Suppose 5*r - 50 = 4*c, -3*r + c + 39 = 9. Calculate the greatest common factor of r and w.
10
Let r be ((-8 - -4) + 5)*13. Suppose r = -5*h - g + 1591, -2*h + g = -627. What is the greatest common factor of 45 and h?
45
Let o be -1 - (-7 + 2 + -3). Let c(v) = v**2 - 2. Let l be c(-3). Calculate the highest common factor of l and o.
7
Let v(q) = -91*q - 178. Let t be v(-2). Let m be -16*(2 - 1)*-2. Calculate the greatest common divisor of t and m.
4
Let l be -2 + -16*(2 - 1). Let a = l + 22. Suppose 72 = -a*j + 7*j. What is the highest common divisor of j and 60?
12
Let v(p) = -4*p + 302. Let k be v(47). Calculate the highest common factor of 76 and k.
38
Let h = -46 - -27. Let v = -14 - h. Let t be 12/36 + v/3. What is the highest common divisor of t and 16?
2
Suppose l = n - 140, -66*n + 68*n - 5*l = 268. Suppose -5*s + 1 = -89. Calculate the highest common factor of n and s.
18
Let c = -801 - -809. What is the greatest common factor of c and 376?
8
Let y(h) = -2*h**3 - 10*h**2 - 6*h - 24. Let l be y(-5). What is the greatest common factor of l and 16?
2
Suppose l - 155